-- Table structure for table `wp_termmeta`
--

CREATE TABLE `wp_termmeta` (
  `meta_id` bigint(20) UNSIGNED NOT NULL,
  `term_id` bigint(20) UNSIGNED NOT NULL DEFAULT '0',
  `meta_key` varchar(255) COLLATE utf8mb4_unicode_520_ci DEFAULT NULL,
  `meta_value` longtext COLLATE utf8mb4_unicode_520_ci
) ENGINE=MyISAM DEFAULT CHARSET=utf8mb4 COLLATE=utf8mb4_unicode_520_ci;

-- --------------------------------------------------------

--
-- Table structure for table `wp_terms`
--

CREATE TABLE `wp_terms` (
  `term_id` bigint(20) UNSIGNED NOT NULL,
  `name` varchar(200) COLLATE utf8mb4_unicode_520_ci NOT NULL DEFAULT '',
  `slug` varchar(200) COLLATE utf8mb4_unicode_520_ci NOT NULL DEFAULT '',
  `term_group` bigint(10) NOT NULL DEFAULT '0'
) ENGINE=MyISAM DEFAULT CHARSET=utf8mb4 COLLATE=utf8mb4_unicode_520_ci;

--
-- Dumping data for table `wp_terms`
--

INSERT INTO `wp_terms` (`term_id`, `name`, `slug`, `term_group`) VALUES
(1, 'Uncategorized', 'uncategorized', 0),
(2, 'Main Menu', 'main-menu', 0),
(3, 'Footer Menu', 'footer-menu', 0),
(4, 'Copyright Menu', 'copyright-menu', 0),
(5, 'Usses Backend', 'usses-backend', 0),
(6, 'Dashboard Navigation', 'dashboard-navigation', 0),
(7, 'Dashboard Resources', 'dashboard-resources', 0),
(8, 'Usses Admin Backend', 'usses-admin-backend', 0);

-- --------------------------------------------------------

--
-- Table structure for table `wp_term_relationships`
--

CREATE TABLE `wp_term_relationships` (
  `object_id` bigint(20) UNSIGNED NOT NULL DEFAULT '0',
  `term_taxonomy_id` bigint(20) UNSIGNED NOT NULL DEFAULT '0',
  `term_order` int(11) NOT NULL DEFAULT '0'
) ENGINE=MyISAM DEFAULT CHARSET=utf8mb4 COLLATE=utf8mb4_unicode_520_ci;

--
-- Dumping data for table `wp_term_relationships`
--

INSERT INTO `wp_term_relationships` (`object_id`, `term_taxonomy_id`, `term_order`) VALUES
(1, 1, 0),
(16, 2, 0),
(17, 2, 0),
(18, 2, 0),
(19, 2, 0),
(20, 2, 0),
(190, 5, 0),
(27, 4, 0),
(28, 4, 0),
(29, 3, 0),
(30, 3, 0),
(31, 3, 0),
(32, 3, 0),
(33, 3, 0),
(97, 5, 0),
(100, 5, 0),
(102, 5, 0),
(98, 5, 0),
(101, 5, 0),
(99, 5, 0),
(106, 6, 0),
(107, 6, 0),
(108, 6, 0),
(109, 6, 0),
(110, 7, 0),
(111, 7, 0),
(112, 7, 0),
(114, 8, 0),
(116, 8, 0),
(120, 8, 0),
(126, 8, 0),
(125, 8, 0),
(191, 8, 0);

-- --------------------------------------------------------

--
-- Table structure for table `wp_term_taxonomy`
--

CREATE TABLE `wp_term_taxonomy` (
  `term_taxonomy_id` bigint(20) UNSIGNED NOT NULL,
  `term_id` bigint(20) UNSIGNED NOT NULL DEFAULT '0',
  `taxonomy` varchar(32) COLLATE utf8mb4_unicode_520_ci NOT NULL DEFAULT '',
  `description` longtext COLLATE utf8mb4_unicode_520_ci NOT NULL,
  `parent` bigint(20) UNSIGNED NOT NULL DEFAULT '0',
  `count` bigint(20) NOT NULL DEFAULT '0'
) ENGINE=MyISAM DEFAULT CHARSET=utf8mb4 COLLATE=utf8mb4_unicode_520_ci;

--
-- Dumping data for table `wp_term_taxonomy`
--

INSERT INTO `wp_term_taxonomy` (`term_taxonomy_id`, `term_id`, `taxonomy`, `description`, `parent`, `count`) VALUES
(1, 1, 'category', '', 0, 1),
(2, 2, 'nav_menu', '', 0, 5),
(3, 3, 'nav_menu', '', 0, 5),
(4, 4, 'nav_menu', '', 0, 2),
(5, 5, 'nav_menu', '', 0, 7),
(6, 6, 'nav_menu', '', 0, 4),
(7, 7, 'nav_menu', '', 0, 3),
(8, 8, 'nav_menu', '', 0, 6);

-- --------------------------------------------------------

--
-- Table structure for table `wp_wfblockediplog`
--

CREATE TABLE `wp_wfblockediplog` (
  `IP` binary(16) NOT NULL DEFAULT '\0\0\0\0\0\0\0\0\0\0\0\0\0\0\0\0',
  `countryCode` varchar(2) NOT NULL,
  `blockCount` int(10) UNSIGNED NOT NULL DEFAULT '0',
  `unixday` int(10) UNSIGNED NOT NULL,
  `blockType` varchar(50) NOT NULL DEFAULT 'generic'
) ENGINE=MyISAM DEFAULT CHARSET=utf8;

-- --------------------------------------------------------

--
-- Table structure for table `wp_wfblocks7`
--

CREATE TABLE `wp_wfblocks7` (
  `id` bigint(20) UNSIGNED NOT NULL,
  `type` int(10) UNSIGNED NOT NULL DEFAULT '0',
  `IP` binary(16) NOT NULL DEFAULT '\0\0\0\0\0\0\0\0\0\0\0\0\0\0\0\0',
  `blockedTime` bigint(20) NOT NULL,
  `reason` varchar(255) NOT NULL,
  `lastAttempt` int(10) UNSIGNED DEFAULT '0',
  `blockedHits` int(10) UNSIGNED DEFAULT '0',
  `expiration` bigint(20) UNSIGNED NOT NULL DEFAULT '0',
  `parameters` text
) ENGINE=MyISAM DEFAULT CHARSET=utf8;

-- --------------------------------------------------------

--
-- Table structure for table `wp_wfconfig`
--

CREATE TABLE `wp_wfconfig` (
  `name` varchar(100) NOT NULL,
  `val` longblob,
  `autoload` enum('no','yes') NOT NULL DEFAULT 'yes'
) ENGINE=MyISAM DEFAULT CHARSET=utf8;

--
-- Dumping data for table `wp_wfconfig`
--

INSERT INTO `wp_wfconfig` (`name`, `val`, `autoload`) VALUES
('alertOn_update', 0x30, 'yes'),
('alertOn_scanIssues', 0x30, 'yes'),
('alertOn_throttle', 0x30, 'yes'),
('alertOn_block', 0x30, 'yes'),
('alertOn_loginLockout', 0x30, 'yes'),
('alertOn_breachLogin', 0x30, 'yes'),
('alertOn_lostPasswdForm', 0x30, 'yes'),
('alertOn_adminLogin', 0x30, 'yes'),
('alertOn_firstAdminLoginOnly', 0x30, 'yes'),
('alertOn_nonAdminLogin', 0x30, 'yes'),
('alertOn_firstNonAdminLoginOnly', 0x30, 'yes'),
('alertOn_wordfenceDeactivated', 0x30, 'yes'),
('alertOn_wafDeactivated', 0x30, 'yes'),
('liveTrafficEnabled', 0x30, 'yes'),
('advancedCommentScanning', 0x31, 'yes'),
('checkSpamIP', 0x31, 'yes'),
('spamvertizeCheck', 0x31, 'yes'),
('liveTraf_ignorePublishers', 0x31, 'yes'),
('liveTraf_displayExpandedRecords', 0x30, 'no'),
('scheduledScansEnabled', 0x31, 'yes'),
('lowResourceScansEnabled', 0x30, 'yes'),
('scansEnabled_checkGSB', 0x31, 'yes'),
('scansEnabled_checkHowGetIPs', 0x31, 'yes'),
('scansEnabled_core', 0x31, 'yes'),
('scansEnabled_themes', 0x30, 'yes'),
('scansEnabled_plugins', 0x30, 'yes'),
('scansEnabled_coreUnknown', 0x31, 'yes'),
('scansEnabled_malware', 0x31, 'yes'),
('scansEnabled_fileContents', 0x31, 'yes'),
('scansEnabled_fileContentsGSB', 0x31, 'yes'),
('scansEnabled_checkReadableConfig', 0x31, 'yes'),
('scansEnabled_suspectedFiles', 0x31, 'yes'),
('scansEnabled_posts', 0x31, 'yes'),
('scansEnabled_comments', 0x31, 'yes'),
('scansEnabled_suspiciousOptions', 0x31, 'yes'),
('scansEnabled_passwds', 0x31, 'yes'),
('scansEnabled_diskSpace', 0x31, 'yes'),
('scansEnabled_wafStatus', 0x31, 'yes'),
('scansEnabled_options', 0x31, 'yes'),
('scansEnabled_wpscan_fullPathDisclosure', 0x31, 'yes'),
('scansEnabled_wpscan_directoryListingEnabled', 0x31, 'yes'),
('scansEnabled_scanImages', 0x30, 'yes'),
('scansEnabled_highSense', 0x30, 'yes'),
('scansEnabled_oldVersions', 0x31, 'yes'),
('scansEnabled_suspiciousAdminUsers', 0x31, 'yes'),
('liveActivityPauseEnabled', 0x31, 'yes'),
('firewallEnabled', 0x31, 'yes'),
('autoBlockScanners', 0x31, 'yes'),
('loginSecurityEnabled', 0x31, 'yes'),
('loginSec_strongPasswds_enabled', 0x31, 'yes'),
('loginSec_breachPasswds_enabled', 0x31, 'yes'),
('loginSec_lockInvalidUsers', 0x30, 'yes'),
('loginSec_maskLoginErrors', 0x31, 'yes'),
('loginSec_blockAdminReg', 0x31, 'yes'),
('loginSec_disableAuthorScan', 0x31, 'yes'),
('loginSec_disableOEmbedAuthor', 0x30, 'yes'),
('loginSec_requireAdminTwoFactor', 0x30, 'yes'),
('notification_updatesNeeded', 0x31, 'yes'),
('notification_securityAlerts', 0x31, 'yes'),
('notification_promotions', 0x31, 'yes'),
('notification_blogHighlights', 0x31, 'yes'),
('notification_productUpdates', 0x31, 'yes'),
('notification_scanStatus', 0x31, 'yes'),
('other_hideWPVersion', 0x30, 'yes'),
('other_blockBadPOST', 0x30, 'yes'),
('other_scanComments', 0x31, 'yes'),
('other_pwStrengthOnUpdate', 0x31, 'yes'),
('other_WFNet', 0x31, 'yes'),
('other_scanOutside', 0x30, 'yes'),
('other_bypassLitespeedNoabort', 0x30, 'yes'),
('deleteTablesOnDeact', 0x30, 'yes'),
('autoUpdate', 0x31, 'yes'),
('startScansRemotely', 0x30, 'yes'),
('disableConfigCaching', 0x30, 'yes'),
('addCacheComment', 0x30, 'yes'),
('disableCodeExecutionUploads', 0x30, 'yes'),
('allowHTTPSCaching', 0x30, 'yes'),
('debugOn', 0x30, 'yes'),
('email_summary_enabled', '', 'yes'),
('email_summary_dashboard_widget_enabled', 0x31, 'yes'),
('ssl_verify', 0x31, 'yes'),
('ajaxWatcherDisabled_front', 0x30, 'yes'),
('ajaxWatcherDisabled_admin', 0x30, 'yes'),
('wafAlertOnAttacks', 0x30, 'yes'),
('disableWAFIPBlocking', 0x30, 'yes'),
('showAdminBarMenu', 0x31, 'yes'),
('displayTopLevelOptions', 0x31, 'yes'),
('displayTopLevelBlocking', 0x30, 'yes'),
('displayTopLevelLiveTraffic', 0x30, 'yes'),
('displayAutomaticBlocks', 0x31, 'yes'),
('allowLegacy2FA', 0x30, 'yes'),
('scan_include_extra', '', 'yes'),
('alertEmails', 0x6d696b65406265616e7374616c6b776562736f6c7574696f6e732e636f6d, 'yes'),
('liveTraf_ignoreUsers', '', 'yes'),
('liveTraf_ignoreIPs', '', 'yes'),
('liveTraf_ignoreUA', '', 'yes'),
('maxMem', 0x323536, 'yes'),
('scan_exclude', 0x77702d696e636c756465732f6a732f646973742f72656475782d726f7574696e652e6a730a77702d636f6e74656e742f706c7567696e732f67726176697479666f726d732f6a732f73686f7274636f64652d75692e6a73, 'yes'),
('scan_maxIssues', 0x31303030, 'yes'),
('scan_maxDuration', '', 'yes'),
('whitelisted', '', 'yes'),
('whitelistedServices', 0x7b7d, 'yes'),
('bannedURLs', '', 'yes'),
('maxExecutionTime', 0x30, 'yes'),
('howGetIPs', '', 'yes'),
('actUpdateInterval', 0x32, 'yes'),
('alert_maxHourly', 0x30, 'yes'),
('loginSec_userBlacklist', '', 'yes'),
('liveTraf_maxRows', 0x32303030, 'yes'),
('liveTraf_maxAge', 0x3330, 'yes'),
('neverBlockBG', 0x6e65766572426c6f636b5665726966696564, 'yes'),
('loginSec_countFailMins', 0x323430, 'yes'),
('loginSec_lockoutMins', 0x323430, 'yes'),
('loginSec_strongPasswds', 0x70756273, 'yes'),
('loginSec_breachPasswds', 0x61646d696e73, 'yes'),
('loginSec_maxFailures', 0x3230, 'yes'),
('loginSec_maxForgotPasswd', 0x3230, 'yes'),
('maxGlobalRequests', 0x44495341424c4544, 'yes'),
('maxGlobalRequests_action', 0x7468726f74746c65, 'yes'),
('maxRequestsCrawlers', 0x44495341424c4544, 'yes'),
('maxRequestsCrawlers_action', 0x7468726f74746c65, 'yes'),
('maxRequestsHumans', 0x44495341424c4544, 'yes'),
('maxRequestsHumans_action', 0x7468726f74746c65, 'yes'),
('max404Crawlers', 0x44495341424c4544, 'yes'),
('max404Crawlers_action', 0x7468726f74746c65, 'yes'),
('max404Humans', 0x44495341424c4544, 'yes'),
('max404Humans_action', 0x7468726f74746c65, 'yes'),
('blockedTime', 0x333030, 'yes'),
('email_summary_interval', 0x7765656b6c79, 'yes'),
('email_summary_excluded_directories', 0x77702d636f6e74656e742f63616368652c77702d636f6e74656e742f77666c6f6773, 'yes'),
('allowed404s', 0x2f66617669636f6e2e69636f0a2f6170706c652d746f7563682d69636f6e2a2e706e670a2f2a4032782e706e670a2f62726f77736572636f6e6669672e786d6c, 'yes'),
('wafAlertWhitelist', '', 'yes'),
('wafAlertInterval', 0x363030, 'yes'),
('wafAlertThreshold', 0x313030, 'yes'),
('howGetIPs_trusted_proxies', '', 'yes'),
('scanType', 0x7374616e64617264, 'yes'),
('manualScanType', 0x6f6e63654461696c79, 'yes'),
('schedStartHour', 0x3132, 'yes'),
('schedMode', 0x6175746f, 'yes'),
('cbl_loggedInBlocked', '', 'yes'),
('cbl_action', 0x626c6f636b, 'yes'),
('cbl_redirURL', '', 'yes'),
('cbl_bypassRedirURL', '', 'yes'),
('cbl_bypassRedirDest', '', 'yes'),
('cbl_bypassViewURL', '', 'yes'),
('loginSec_enableSeparateTwoFactor', '', 'yes'),
('blockCustomText', '', 'yes'),
('alertOn_severityLevel', 0x3235, 'yes'),
('apiKey', 0x36653165633535366636303535643539623236633132663933383834663933646463353339306136346134653663376430373733666337666264333562366332373736313038636666366430656633636536303964383837653663633130636361356334663036633264633034643661396465623837336631316633656362623535346232373265656266383633333062326336363232376663336332656231, 'yes'),
('keyType', 0x66726565, 'yes'),
('isPaid', '', 'yes'),
('betaThreatDefenseFeed', 0x30, 'yes'),
('timeoffset_wf_updated', 0x31363338323937383137, 'yes'),
('cacheType', 0x64697361626c6564, 'yes'),
('detectProxyRecommendation', 0x485454505f43465f434f4e4e454354494e475f4950, 'no'),
('dismissAutoPrependNotice', 0x30, 'yes'),
('onboardingAttempt1', 0x6c6963656e7365, 'yes'),
('onboardingAttempt2', '', 'no'),
('onboardingAttempt3', '', 'no'),
('onboardingAttempt3Initial', 0x30, 'yes'),
('needsNewTour_dashboard', 0x30, 'yes'),
('needsNewTour_firewall', 0x31, 'yes'),
('needsNewTour_scan', 0x31, 'yes'),
('needsNewTour_blocking', 0x31, 'yes'),
('needsNewTour_livetraffic', 0x31, 'yes'),
('needsNewTour_loginsecurity', 0x31, 'yes'),
('needsUpgradeTour_dashboard', 0x30, 'yes'),
('needsUpgradeTour_firewall', 0x30, 'yes'),
('needsUpgradeTour_scan', 0x30, 'yes'),
('needsUpgradeTour_blocking', 0x30, 'yes'),
('needsUpgradeTour_livetraffic', 0x30, 'yes'),
('needsUpgradeTour_loginsecurity', 0x30, 'yes'),
('supportContent', 0x[encoded data, 19778 characters], 'yes'),
('supportHash', 0x30613962653033653330623562393161336435653163353765613063653564613261396362326530306663633738353862333137336166643435363065303361, 'yes'),
('whitelistPresets', 0x[encoded data, 22158 characters], 'yes'),
('whitelistHash', 0x62663364373664633035636166383632336362336665303163316663396533303865326632656133376238323639333764383530666465333631636465666434, 'yes'),
('touppPromptNeeded', '', 'yes'),
('touppBypassNextCheck', 0x30, 'yes'),
('autoUpdateAttempts', 0x30, 'yes');
INSERT INTO `wp_wfconfig` (`name`, `val`, `autoload`) VALUES
('previousWflogsFileList', 0x5b222e6874616363657373222c2247656f4c697465322d436f756e7472792e6d6d6462222c2261747461636b2d646174612e706870222c22636f6e6669672d6c6976657761662e706870222c22636f6e6669672d73796e6365642e706870222c22636f6e6669672d7472616e7369656e742e706870222c22636f6e6669672e706870222c226970732e706870222c2272756c65732e706870222c2274656d706c6174652e706870225d, 'yes'),
('diagnosticsWflogsRemovalHistory', 0x5b5d, 'no'),
('encKey', 0x39633364613136313530336139343637, 'yes'),
('longEncKey', 0x62343763333834306633386433353263663130326233633166303965366561396637643133613638356239616232336662313837336165653732353766376232, 'yes'),
('cbl_restOfSiteBlocked', 0x31, 'yes'),
('timeoffset_wf', 0x30, 'yes'),
('lastBlockAggregation', 0x31363338323937383137, 'yes'),
('allowed404s6116Migration', 0x31, 'yes'),
('migration636_email_summary_excluded_directories', 0x31, 'no'),
('fileContentsGSB6315Migration', 0x31, 'yes'),
('config701Migration', 0x31, 'yes'),
('blocks702Migration', 0x31, 'yes'),
('geoIPVersionHash', 0x61313231346163616331623331303961653531656165363334396662303435636566346235333334366565363538343065646266383466613066616439363737, 'yes'),
('scansEnabled_geoipSupport', 0x31, 'yes'),
('config720Migration', 0x31, 'yes'),
('waf_status', 0x656e61626c6564, 'yes'),
('detectProxyNextCheck', 0x31363338373832373534, 'no'),
('detectProxyNonce', '', 'no'),
('serverIP', 0x313633373232323135383b332e3133372e31302e323030, 'yes'),
('allScansScheduled', 0x613a323a7b693a303b613a323a7b733a393a2274696d657374616d70223b693a313633383531343830303b733a343a2261726773223b613a313a7b693a303b693a313633383531343830303b7d7d693a313b613a323a7b733a393a2274696d657374616d70223b693a313633383737343030303b733a343a2261726773223b613a313a7b693a303b693a313633383737343030303b7d7d7d, 'yes'),
('wordfenceI18n', 0x31, 'yes'),
('vulnerabilities_plugin', 0x[encoded data, 6648 characters], 'yes'),
('wordpressVersion', 0x352e372e34, 'yes'),
('wordpressPluginVersions', 0x613a32343a7b733a32363a22616476616e6365642d637573746f6d2d6669656c64732d70726f223b733a353a22352e392e36223b733a32383a22616476616e6365642d6e6f636170746368612d726563617074636861223b733a353a22362e312e35223b733a31313a226175746f7074696d697a65223b733a353a22322e382e34223b733a32313a226265747465722d7365617263682d7265706c616365223b733a353a22312e332e34223b733a31343a22636c61737369632d656469746f72223b733a333a22312e36223b733a31343a22636f6e746163742d666f726d2d37223b733a353a22352e342e31223b733a32343a22636f6e746163742d666f726d2d7375626d697373696f6e73223b733a353a22312e372e31223b733a31363a2264697361626c652d636f6d6d656e7473223b733a353a22322e312e31223b733a31343a2264697361626c652d656d61696c73223b733a353a22312e372e30223b733a31323a2267726176697479666f726d73223b733a363a22322e352e3135223b733a31363a22726f636b65742d6c617a792d6c6f6164223b733a353a22322e332e34223b733a31333a2271756572792d6d6f6e69746f72223b733a353a22332e372e31223b733a32313a22726567656e65726174652d7468756d626e61696c73223b733a353a22332e312e35223b733a33343a2273656e64677269642d656d61696c2d64656c69766572792d73696d706c6966696564223b733a363a22312e31312e38223b733a32333a22756e6465722d636f6e737472756374696f6e2d70616765223b733a343a22332e3839223b733a383a2275736572736e6170223b733a343a22342e3130223b733a31343a22757365722d737769746368696e67223b733a353a22312e352e37223b733a353a227573736573223b733a353a22312e302e30223b733a31343a2277332d746f74616c2d6361636865223b733a353a22322e312e32223b733a31323a22776562702d65787072657373223b733a363a22302e31392e31223b733a393a22776f726466656e6365223b733a353a22372e352e37223b733a31313a226a735f636f6d706f736572223b733a353a22362e342e31223b733a31343a227770732d686964652d6c6f67696e223b733a353a22312e382e35223b733a31333a22776f726470726573732d73656f223b733a343a2231362e33223b7d, 'yes'),
('wordpressThemeVersions', 0x613a323a7b733a353a227573736573223b733a353a22312e302e30223b733a393a2275737365735f6f6c64223b733a353a22312e302e30223b7d, 'yes'),
('cbl_cookieVal', 0x35663662613737393564363939, 'yes'),
('serverDNS', 0x313633383236383733373b3330303b3137322e36372e3136332e3533, 'yes'),
('originalScheduledScanStart', 0x31363338323535363030, 'yes'),
('adminNoticeQueue', 0x613a303a7b7d, 'yes'),
('lastNotificationID', 0x31313134, 'no'),
('wfPeakMemory', 0x3837303331383038, 'no'),
('wfScanStartVersion', 0x352e372e34, 'yes'),
('dbVersion', 0x352e372e3336, 'yes'),
('lastDashboardCheck', 0x31363338323937383137, 'yes'),
('dashboardData', 0x[encoded data, 7684 characters], 'yes'),
('tldlist', 0x[encoded data, 19944 characters], 'yes'),
('tldlistHash', 0x63313937386232373537363339303838333835343839643932396665383565313662316130646166626138666464643934663338623134303038363264396164, 'yes'),
('noc1ScanSchedule', 0x613a323a7b693a303b693a313633383531343830303b693a313b693a313633383737343030303b7d, 'yes'),
('showWfCentralUI', 0x31, 'yes'),
('allowMySQLi', 0x31, 'yes'),
('dbTest', 0x613a313a7b733a353a226e6f6e6365223b733a36343a2238393332376164646662616433326465393531616465313862336639356363353761343964613061623163343434386336313231656637333430323961353664223b7d, 'no'),
('totalScansRun', 0x343038, 'yes'),
('wfKillRequested', 0x30, 'no'),
('currentCronKey', '', 'yes'),
('wf_scanLastStatusTime', 0x30, 'yes'),
('wf_scanRunning', '', 'yes'),
('totalLoginHits', 0x31303832, 'yes'),
('totalLogins', 0x353230, 'yes'),
('lastAdminLogin', 0x613a363a7b733a363a22757365724944223b693a313b733a383a22757365726e616d65223b733a31303a2275737365735f61646d6e223b733a393a2266697273744e616d65223b733a373a224d69636861656c223b733a383a226c6173744e616d65223b733a363a2253746f6b6573223b733a343a2274696d65223b733a33303a225475652033307468204e6f76656d62657220402030313a35393a3135504d223b733a323a224950223b733a31323a22352e3235352e34332e323434223b7d, 'yes'),
('totalAlertsSent', 0x313133, 'yes'),
('wp_home_url', 0x68747470733a2f2f75737365732e6265616e7374616c6b7765622e636f6d, 'yes'),
('wp_site_url', 0x68747470733a2f2f75737365732e6265616e7374616c6b7765622e636f6d, 'yes'),
('autoUpdateChoice', 0x31, 'yes'),
('lastEmailHash', 0x313632363139393630303a3130313836383738386131306439653961306334393566613534343638653437, 'yes'),
('lowResourceScanWaitStep', '', 'yes'),
('wfStatusStartMsgs', 0x613a323a7b693a303b733a303a22223b693a313b733a303a22223b7d, 'yes'),
('wf_summaryItems', 0x613a383a7b733a31323a227363616e6e6564506f737473223b693a303b733a31353a227363616e6e6564436f6d6d656e7473223b693a303b733a31323a227363616e6e656446696c6573223b693a303b733a31343a227363616e6e6564506c7567696e73223b693a303b733a31333a227363616e6e65645468656d6573223b693a303b733a31323a227363616e6e65645573657273223b693a303b733a31313a227363616e6e656455524c73223b693a303b733a31303a226c617374557064617465223b693a313633383239373832313b7d, 'yes'),
('scanStageStatuses', 0x613a31313a7b733a31333a227370616d766572746973696e67223b613a343a7b733a363a22737461747573223b733a373a227072656d69756d223b733a373a2273746172746564223b693a303b733a383a2266696e6973686564223b693a303b733a383a226578706563746564223b693a303b7d733a343a227370616d223b613a343a7b733a363a22737461747573223b733a373a227072656d69756d223b733a373a2273746172746564223b693a303b733a383a2266696e6973686564223b693a303b733a383a226578706563746564223b693a303b7d733a393a22626c61636b6c697374223b613a343a7b733a363a22737461747573223b733a373a227072656d69756d223b733a373a2273746172746564223b693a303b733a383a2266696e6973686564223b693a303b733a383a226578706563746564223b693a303b7d733a363a22736572766572223b613a343a7b733a363a22737461747573223b733a31363a22636f6d706c6574652d73756363657373223b733a373a2273746172746564223b693a353b733a383a2266696e6973686564223b693a353b733a383a226578706563746564223b693a353b7d733a373a226368616e676573223b613a343a7b733a363a22737461747573223b733a31363a22636f6d706c6574652d73756363657373223b733a373a2273746172746564223b693a323b733a383a2266696e6973686564223b693a323b733a383a226578706563746564223b693a323b7d733a363a227075626c6963223b613a343a7b733a363a22737461747573223b733a373a2272756e6e696e67223b733a373a2273746172746564223b693a313b733a383a2266696e6973686564223b693a313b733a383a226578706563746564223b693a323b7d733a373a226d616c77617265223b613a343a7b733a363a22737461747573223b733a373a2272756e6e696e67223b733a373a2273746172746564223b693a323b733a383a2266696e6973686564223b693a313b733a383a226578706563746564223b693a323b7d733a373a22636f6e74656e74223b613a343a7b733a363a22737461747573223b733a373a2272756e6e696e67223b733a373a2273746172746564223b693a313b733a383a2266696e6973686564223b693a303b733a383a226578706563746564223b693a333b7d733a383a2270617373776f7264223b613a343a7b733a363a22737461747573223b733a373a2270656e64696e67223b733a373a2273746172746564223b693a303b733a383a2266696e6973686564223b693a303b733a383a226578706563746564223b693a313b7d733a31333a2276756c6e65726162696c697479223b613a343a7b733a363a22737461747573223b733a373a2270656e64696e67223b733a373a2273746172746564223b693a303b733a383a2266696e6973686564223b693a303b733a383a226578706563746564223b693a313b7d733a373a226f7074696f6e73223b613a343a7b733a363a22737461747573223b733a373a2270656e64696e67223b733a373a2273746172746564223b693a303b733a383a2266696e6973686564223b693a303b733a383a226578706563746564223b693a323b7d7d, 'no'),
('lastScanCompleted', 0x6f6b, 'yes'),
('lastScanFailureType', '', 'yes'),
('scanTime', 0x313633383239373832312e31303632, 'yes');
INSERT INTO `wp_wfconfig` (`name`, `val`, `autoload`) VALUES
('emailedIssuesList', 0x[encoded data, 19510 characters], 'yes'),
('lastScheduledScanStart', 0x31363338323538383234, 'yes');
INSERT INTO `wp_wfconfig` (`name`, `val`, `autoload`) VALUES
('malwarePrefixes', 0x[encoded data, 406319 characters]